{"id":2743,"date":"2019-07-23T12:25:00","date_gmt":"2019-07-23T10:25:00","guid":{"rendered":"http:\/\/eventumhostess.com\/politica-de-privacidad\/"},"modified":"2024-07-01T11:19:41","modified_gmt":"2024-07-01T09:19:41","slug":"politica-de-privacidad","status":"publish","type":"page","link":"https:\/\/staff4events.es\/ca\/politica-de-privacidad\/","title":{"rendered":"Pol\u00edtica de privacidad"},"content":{"rendered":"<div class=\"wpb-content-wrapper\"><p>[vc_row][vc_column width=&#8221;1\/1&#8243;][vc_custom_heading heading_semantic=&#8221;h3&#8243; text_size=&#8221;h3&#8243;]Av\u00eds legal[\/vc_custom_heading][vc_column_text uncode_shortcode_id=&#8221;372924&#8243;]<strong>1.- Avis Legal<\/strong><br \/>\nData de l&#8217;elaboraci\u00f3 del present av\u00eds legal: 30\/07\/2019<\/p>\n<p><strong>1. DADES IDENTIFICATIVES<\/strong><br \/>\nEn compliment amb el deure d&#8217;informaci\u00f3 recollit en l&#8217;article 10 de la Llei 34\/2002 d&#8217;11 de juliol, de Serveis de la Societat de la Informaci\u00f3 i el Comer\u00e7 electr\u00f2nic, a continuaci\u00f3 es faciliten les seg\u00fcents dades:<\/p>\n<p>\u2022 La societat titular i propiet\u00e0ria d&#8217;aquest lloc web \u00e9s: Eventum Staff for Events, S.L.<br \/>\n\u2022 CIF: B67461632<br \/>\n\u2022 Domicili al C\/ Casp, 151 &#8211; Pral. 3\u00ba, 08013, Barcelona, \u200b\u200bEspanya.<br \/>\n\u2022 B\u00fastia \/ Correu de contacte: info@staff4events.es<\/p>\n<p><strong>2. PROPIETAT INTEL\u00b7LECTUAL<\/strong><br \/>\nEl present lloc web, incloent el codi font, logotips i els continguts elaborats pel seu titular o els seus col\u00b7laboradors, estan protegits per la normativa nacional i internacional vigent sobre propietat intel\u00b7lectual, trobant tots els drets reservats, de manera que l&#8217;usuari es troba facultat \u00fanicament per efectuar la navegaci\u00f3 a trav\u00e9s del lloc web per a la seva visualitzaci\u00f3 com a \u00fas privat.<br \/>\nL&#8217;usuari es compromet a respectar tots els drets de &#8220;propietat intel\u00b7lectual i industrial&#8221; associats al present lloc web. Podr\u00e0 visualitzar els elements del lloc web i fins i tot imprimir-los, copiar-los i emmagatzemar-los al disc dur del seu ordinador o en qualsevol altre suport f\u00edsic sempre que sigui, \u00fanica i exclusivament, per al seu \u00fas personal i privat, quedant, per tant, terminantment prohibida la transformaci\u00f3, distribuci\u00f3, comunicaci\u00f3 p\u00fablica, posada a disposici\u00f3 o qualsevol altra forma d&#8217;explotaci\u00f3, aix\u00ed com la seva modificaci\u00f3, alteraci\u00f3 o descompilaci\u00f3. L&#8217;usuari haur\u00e0 d&#8217;abstenir-se de suprimir, alterar, eludir o manipular qualsevol dispositiu de protecci\u00f3 o sistema de seguretat que estigu\u00e9s instal\u00b7lat al les p\u00e0gines de Eventum Hostess, S.L<\/p>\n<p><strong>3. EXCLUSI\u00d3 DE GARANTIES I RESPONSABILITAT<\/strong><br \/>\nEl propietari del lloc web i els seus llicenciadors o mandataris no es fan responsables, en cap cas, dels danys i perjudicis de qualsevol naturalesa que poguessin ocasionar, a t\u00edtol enunciatiu: errors o omissions en els continguts, falta de disponibilitat del lloc web o la transmissi\u00f3 de virus o programes maliciosos o lesius en els continguts, malgrat haver adoptat totes les mesures tecnol\u00f2giques necess\u00e0ries per evitar-ho.<br \/>\nEl propietari del lloc web no es responsabilitza dels enlla\u00e7os derivats del seu website informat a l&#8217;usuari que quan es trobi en un altre domini diferent al que es troba. Llegiu la pol\u00edtica de privacitat i av\u00eds legal que determinin les condicions d&#8217;\u00fas d&#8217;aquest lloc web.<\/p>\n<p><strong>4. MODIFICACIONS<\/strong><br \/>\nEl propietari del lloc web es reserva el dret d&#8217;efectuar sense previ av\u00eds les modificacions que consideri oportunes en aquest website, podent canviar, suprimir o afegir tant els continguts i serveis que es prestin a trav\u00e9s de la mateixa com la forma en qu\u00e8 aquests apareguin presentats o localitzats al lloc web i l&#8217;acc\u00e9s a aquests.<\/p>\n<p><strong>5. LEGISLACI\u00d3 APLICABLE I JURISDICCI\u00d3<\/strong><br \/>\nLa relaci\u00f3 entre el propietari del lloc web i l&#8217;usuari es regir\u00e0 per la normativa espanyola vigent i qualsevol controv\u00e8rsia se sotmetr\u00e0 als Jutjats i tribunals de la ciutat de Barcelona.<\/p>\n<p><strong>2.- Protecci\u00f3 de dades<\/strong><\/p>\n<p><strong>POL\u00cdTICA DE PRIVACITAT &#8211; TRACTAMENT DE DADES PERSONALS<\/strong><\/p>\n<p>Data de l&#8217;elaboraci\u00f3 de la present pol\u00edtica de privacitat: 2018.07.30<\/p>\n<p>Eventum Staff for Events, S.L. (Des d&#8217;ara el propietari del lloc web), d&#8217;acord amb les recomanacions establertes per l&#8217;Ag\u00e8ncia Espanyola de Protecci\u00f3 de Dades, i altres organismes d&#8217;\u00e0mbit auton\u00f2mic com l&#8217;Ag\u00e8ncia Catalana de Protecci\u00f3 de Dades en relaci\u00f3 amb atrapar al dret d&#8217;informaci\u00f3 a Vost\u00e8 com a usuari (titular de dades), ha elaborat una nova pol\u00edtica de privacitat:<\/p>\n<p><strong>POL\u00cdTICA DE PRIVACITAT<\/strong><\/p>\n<p><strong>1.1 Responsable del Tractament<\/strong><br \/>\nBenvolgut Usuari, el responsable de tractament i recollida de dades a trav\u00e9s d&#8217;aquest lloc web ser\u00e0 l&#8217;empresa.<br \/>\nAix\u00ed doncs, tingui en compte que quan Vost\u00e8 entra (navega) i es relaciona a trav\u00e9s de la present p\u00e0gina web ho est\u00e0 fent amb Eventum Staff for Events, S.L.<\/p>\n<p>Denominaci\u00f3: Eventum Staff for Events, S.L.<br \/>\nC.I.F .: B67461632<br \/>\nDomicili: C\/ Casp, 116 &#8211; 6\u00ba1\u00aa, 08013, Barcelona, \u200b\u200bEspanya.<br \/>\nE-mail: info@staff4events.es<\/p>\n<p><strong>1.2 Finalitat del tractament de les dades<\/strong><br \/>\nEn aquest punt presentem una descripci\u00f3 de les finalitats del tractament de les dades que poden donar-se \/ recollir-se en el present lloc web, associada als fitxers que tracta Eventum Staff for Events, S.L.<\/p>\n<p>Fitxer: Usuaris web (contactes)<br \/>\nFinalitat: Navegaci\u00f3 (Galetes). Sol\u00b7licitar cita pr\u00e8via<br \/>\nObservacions: Associades a un formulari web<\/p>\n<p>Li preguem, en la seva qualitat d&#8217;usuari \/ titular de dades que abans d&#8217;acceptar la pol\u00edtica de privacitat (clicar la casella d&#8217;acceptaci\u00f3) o consentiment per a tractament de dades, realitzi un acostament a la informaci\u00f3 b\u00e0sica amb car\u00e0cter general, i de forma espec\u00edfica a la present taula on es determina la finalitat d&#8217;\u00fas de les dades que vost\u00e8 ens proporciona i el fitxer o fitxers on es poden integrar aquests (dades)<\/p>\n<p><strong>1.3 Terminis o criteris de conservaci\u00f3 de les dades<\/strong><br \/>\nEn el present punt es d\u00f3na abast a la informaci\u00f3 relacionada amb la finalitat de tractament de dades que pot donar-se a trav\u00e9s del present lloc web. Establir que Eventum Hostess, S.L., pot tractar m\u00e9s fitxers, per\u00f2 aqu\u00ed nom\u00e9s s&#8217;expliciten els que tenen impacte amb les dades tractades en el lloc web.<\/p>\n<p>Fitxers: Usuaris web (contactes)<br \/>\nTermini de conservaci\u00f3: Les dades de contacte es conservaran de manera indefinida mentre que no hi hagi sol\u00b7licitud d&#8217;oposici\u00f3 o cancel\u00b7laci\u00f3 per part del titular de dades.<\/p>\n<p>El manteniment del termini de les dades s&#8217;estableix en la base d&#8217;un criteri propi de Eventum Hostess, S.L., associat a la finalitat d&#8217;\u00fas d&#8217;aquestes dades, criteris establerts per una base jur\u00eddica que obliga al seu manteniment a Eventum Staff for Events, S.L. (Una altra llei que exigeix \u200b\u200bel seu manteniment) i altres associats informes estad\u00edstics o hist\u00f2rics que poden ser d&#8217;inter\u00e8s per al Eventum Hostess, S.L., a nivell estrat\u00e8gic o gerencial.<\/p>\n<p><strong>1.4 Destinataris &#8220;(de cessions o transfer\u00e8ncies)<\/strong><br \/>\nFitxers: Usuaris web<br \/>\nCessionaris amb car\u00e0cter general: Organismes p\u00fablics competents per a la sol\u00b7licitud derivat que la mateixa d&#8217;acord al marc normatiu, no cal el consentiment de les dades.<\/p>\n<p><strong>1.5 Transfer\u00e8ncies Internacionals de Dades<\/strong><br \/>\nEn aquest moment Eventum Staff for Events, S.L., en la seva qualitat de responsable de fitxer \/ dades, no realitza cessi\u00f3 o transfer\u00e8ncies de dades a tercers (altres empreses) ubicats en un estat diferent de la Uni\u00f3 Europea.<\/p>\n<p><strong>1.6 Drets dels titulars de dades (de les persones interessades)<\/strong><br \/>\nAmb l&#8217;objecte de donar abast a un dels aspectes fonamentals de l&#8217;actual i del futur marc normatiu (d&#8217;aplicaci\u00f3 al maig de 2018), com \u00e9s el dels drets atribu\u00efts a les persones f\u00edsiques (titulars de dades), li acostem un correu electr\u00f2nic ( info@staff4events.es) perqu\u00e8 pugui sol\u00b7licitar-nos, si aix\u00ed ho estima, un formulari per a l&#8217;exercici dels drets que a continuaci\u00f3 es referencien:<\/p>\n<p><strong>a. Acc\u00e9s<\/strong><br \/>\nNota: El dret d&#8217;acc\u00e9s \u00e9s el que t\u00e9 un titular de dades, com pot ser el cas, consistent a poder con\u00e8ixer la informaci\u00f3 que la societat t\u00e9 de vost\u00e8.<\/p>\n<p><strong>b. Rectificaci\u00f3<\/strong><br \/>\nNota: El dret de rectificaci\u00f3 \u00e9s el que t\u00e9 un titular de dades, com pot ser el cas, consistent rectificar aquella informaci\u00f3 \/ dades que la societat t\u00e9 d&#8217;un titular de dades, per exemple vost\u00e8, i no es troba actualitzada o adequada a la realitat del titular de dades o \u00e9s err\u00f2nia.<\/p>\n<p><strong>c. Cancel\u00b7laci\u00f3<\/strong><br \/>\nNota: El dret de cancel\u00b7laci\u00f3 \u00e9s aquell dret a sol\u00b7licitar que les dades siguin esborrats quan ja no siguin necessaris o si el tractament \u00e9s il\u00b7l\u00edcit<\/p>\n<p><strong>d. Oposici\u00f3 al seu tractament<\/strong><br \/>\nNota: El dret d&#8217;oposici\u00f3 \u00e9s el que t\u00e9 un titular de dades, com pot ser el cas, consistent en oposar-se a l&#8217;\u00fas d&#8217;aquella informaci\u00f3 \/ dades que la societat t\u00e9 de vost\u00e8, i vost\u00e8 no vol que se segueixi fent \u00fas de la mateixa (informaci\u00f3 \/ dades) per a determinades finalitats espec\u00edfiques, per exemple no rebre informaci\u00f3 comercial.<\/p>\n<p><strong>e. Supresi\u00f3n<\/strong><br \/>\nNota: El dret de supressi\u00f3 \u00e9s el que t\u00e9 un titular de dades, com pot ser el cas, consistent a suprimir aquella informaci\u00f3 \/ dades que la societat t\u00e9 de vost\u00e8 mateix, i que no vol que se segueixi fent \u00fas de la mateixa ( informaci\u00f3 \/ dades), emparat en sup\u00f2sits legals.<\/p>\n<p><strong>f. Portabilitat de les seves dades<\/strong><br \/>\nNota: El dret a rebre les dades personals en un format de lectura mec\u00e0nica i enviar-los a un altre responsable de tractament.<\/p>\n<p><strong>g. Sol\u00b7licitar la Limitaci\u00f3 del tractament<\/strong><br \/>\nNota: Sol\u00b7licitar la limitaci\u00f3 del tractament de les seves dades personals en determinats casos.<\/p>\n<p><strong>1.7 Font de les dades (origen)<\/strong><br \/>\nAmb car\u00e0cter general les dades, a trav\u00e9s del present lloc web, s\u00f3n obtinguts:<\/p>\n<p>\u2022 Del propi interessat<\/p>\n<p>Nota: Les dades proporcionades per un titular (usuari web), Vost\u00e8, en qualsevol dels formularis o procediments de recollida de dades establerts per a tal efecte en el lloc web, seran els seus propis, no havent de realitzar, amb car\u00e0cter general en processos de registre dades de tercers, llevat que tingui capacitat de representaci\u00f3 o autoritzaci\u00f3 expressa.<\/p>\n<p><strong>1.8 Formularis de recollida de dades<\/strong><br \/>\nAmb car\u00e0cter general, en el lloc web podem trobar els seg\u00fcents formularis per a la recollida de dades:<\/p>\n<p>Tipus: Formulari de contacte<br \/>\nFinalitat: Contactar amb Eventum Staff for Events, S.L. per sol\u00b7licitar informaci\u00f3<br \/>\nCessionaris: No est\u00e0 prevista la cessi\u00f3 de dades a tercers<br \/>\nObservacions: Nom\u00e9s es sol\u00b7licitaran dades de contacte (correu electr\u00f2nic, nom, tel\u00e8fon).[\/vc_column_text][\/vc_column][\/vc_row]<\/p>\n<\/div>","protected":false},"excerpt":{"rendered":"<p>[vc_row][vc_column width=&#8221;1\/1&#8243;][vc_custom_heading heading_semantic=&#8221;h3&#8243; text_size=&#8221;h3&#8243;]Av\u00eds legal[\/vc_custom_heading][vc_column_text uncode_shortcode_id=&#8221;372924&#8243;]1.- Avis Legal Data de l&#8217;elaboraci\u00f3 del present av\u00eds legal: 30\/07\/2019 1. DADES IDENTIFICATIVES En [&hellip;]<\/p>\n","protected":false},"author":2,"featured_media":0,"parent":0,"menu_order":38,"comment_status":"closed","ping_status":"closed","template":"","meta":{"footnotes":""},"class_list":["post-2743","page","type-page","status-publish","hentry"],"_links":{"self":[{"href":"https:\/\/staff4events.es\/ca\/wp-json\/wp\/v2\/pages\/2743","targetHints":{"allow":["GET"]}}],"collection":[{"href":"https:\/\/staff4events.es\/ca\/wp-json\/wp\/v2\/pages"}],"about":[{"href":"https:\/\/staff4events.es\/ca\/wp-json\/wp\/v2\/types\/page"}],"author":[{"embeddable":true,"href":"https:\/\/staff4events.es\/ca\/wp-json\/wp\/v2\/users\/2"}],"replies":[{"embeddable":true,"href":"https:\/\/staff4events.es\/ca\/wp-json\/wp\/v2\/comments?post=2743"}],"version-history":[{"count":0,"href":"https:\/\/staff4events.es\/ca\/wp-json\/wp\/v2\/pages\/2743\/revisions"}],"wp:attachment":[{"href":"https:\/\/staff4events.es\/ca\/wp-json\/wp\/v2\/media?parent=2743"}],"curies":[{"name":"wp","href":"https:\/\/api.w.org\/{rel}","templated":true}]}}

Política de privacidad

<div class="wpb-content-wrapper"><p>[vc_row][vc_column width=&#8221;1/1&#8243;][vc_custom_heading heading_semantic=&#8221;h3&#8243; text_size=&#8221;h3&#8243;]Avís legal[/vc_custom_heading][vc_column_text uncode_shortcode_id=&#8221;372924&#8243;]<strong>1.- Avis Legal</strong><br />
Data de l&#8217;elaboració del present avís legal: 30/07/2019</p>
<p><strong>1. DADES IDENTIFICATIVES</strong><br />
En compliment amb el deure d&#8217;informació recollit en l&#8217;article 10 de la Llei 34/2002 d&#8217;11 de juliol, de Serveis de la Societat de la Informació i el Comerç electrònic, a continuació es faciliten les següents dades:</p>
<p>• La societat titular i propietària d&#8217;aquest lloc web és: Eventum Staff for Events, S.L.<br />
• CIF: B67461632<br />
• Domicili al C/ Casp, 151 &#8211; Pral. 3º, 08013, Barcelona, ​​Espanya.<br />
• Bústia / Correu de contacte: info@staff4events.es</p>
<p><strong>2. PROPIETAT INTEL·LECTUAL</strong><br />
El present lloc web, incloent el codi font, logotips i els continguts elaborats pel seu titular o els seus col·laboradors, estan protegits per la normativa nacional i internacional vigent sobre propietat intel·lectual, trobant tots els drets reservats, de manera que l&#8217;usuari es troba facultat únicament per efectuar la navegació a través del lloc web per a la seva visualització com a ús privat.<br />
L&#8217;usuari es compromet a respectar tots els drets de &#8220;propietat intel·lectual i industrial&#8221; associats al present lloc web. Podrà visualitzar els elements del lloc web i fins i tot imprimir-los, copiar-los i emmagatzemar-los al disc dur del seu ordinador o en qualsevol altre suport físic sempre que sigui, única i exclusivament, per al seu ús personal i privat, quedant, per tant, terminantment prohibida la transformació, distribució, comunicació pública, posada a disposició o qualsevol altra forma d&#8217;explotació, així com la seva modificació, alteració o descompilació. L&#8217;usuari haurà d&#8217;abstenir-se de suprimir, alterar, eludir o manipular qualsevol dispositiu de protecció o sistema de seguretat que estigués instal·lat al les pàgines de Eventum Hostess, S.L</p>
<p><strong>3. EXCLUSIÓ DE GARANTIES I RESPONSABILITAT</strong><br />
El propietari del lloc web i els seus llicenciadors o mandataris no es fan responsables, en cap cas, dels danys i perjudicis de qualsevol naturalesa que poguessin ocasionar, a títol enunciatiu: errors o omissions en els continguts, falta de disponibilitat del lloc web o la transmissió de virus o programes maliciosos o lesius en els continguts, malgrat haver adoptat totes les mesures tecnològiques necessàries per evitar-ho.<br />
El propietari del lloc web no es responsabilitza dels enllaços derivats del seu website informat a l&#8217;usuari que quan es trobi en un altre domini diferent al que es troba. Llegiu la política de privacitat i avís legal que determinin les condicions d&#8217;ús d&#8217;aquest lloc web.</p>
<p><strong>4. MODIFICACIONS</strong><br />
El propietari del lloc web es reserva el dret d&#8217;efectuar sense previ avís les modificacions que consideri oportunes en aquest website, podent canviar, suprimir o afegir tant els continguts i serveis que es prestin a través de la mateixa com la forma en què aquests apareguin presentats o localitzats al lloc web i l&#8217;accés a aquests.</p>
<p><strong>5. LEGISLACIÓ APLICABLE I JURISDICCIÓ</strong><br />
La relació entre el propietari del lloc web i l&#8217;usuari es regirà per la normativa espanyola vigent i qualsevol controvèrsia se sotmetrà als Jutjats i tribunals de la ciutat de Barcelona.</p>
<p><strong>2.- Protecció de dades</strong></p>
<p><strong>POLÍTICA DE PRIVACITAT &#8211; TRACTAMENT DE DADES PERSONALS</strong></p>
<p>Data de l&#8217;elaboració de la present política de privacitat: 2018.07.30</p>
<p>Eventum Staff for Events, S.L. (Des d&#8217;ara el propietari del lloc web), d&#8217;acord amb les recomanacions establertes per l&#8217;Agència Espanyola de Protecció de Dades, i altres organismes d&#8217;àmbit autonòmic com l&#8217;Agència Catalana de Protecció de Dades en relació amb atrapar al dret d&#8217;informació a Vostè com a usuari (titular de dades), ha elaborat una nova política de privacitat:</p>
<p><strong>POLÍTICA DE PRIVACITAT</strong></p>
<p><strong>1.1 Responsable del Tractament</strong><br />
Benvolgut Usuari, el responsable de tractament i recollida de dades a través d&#8217;aquest lloc web serà l&#8217;empresa.<br />
Així doncs, tingui en compte que quan Vostè entra (navega) i es relaciona a través de la present pàgina web ho està fent amb Eventum Staff for Events, S.L.</p>
<p>Denominació: Eventum Staff for Events, S.L.<br />
C.I.F .: B67461632<br />
Domicili: C/ Casp, 116 &#8211; 6º1ª, 08013, Barcelona, ​​Espanya.<br />
E-mail: info@staff4events.es</p>
<p><strong>1.2 Finalitat del tractament de les dades</strong><br />
En aquest punt presentem una descripció de les finalitats del tractament de les dades que poden donar-se / recollir-se en el present lloc web, associada als fitxers que tracta Eventum Staff for Events, S.L.</p>
<p>Fitxer: Usuaris web (contactes)<br />
Finalitat: Navegació (Galetes). Sol·licitar cita prèvia<br />
Observacions: Associades a un formulari web</p>
<p>Li preguem, en la seva qualitat d&#8217;usuari / titular de dades que abans d&#8217;acceptar la política de privacitat (clicar la casella d&#8217;acceptació) o consentiment per a tractament de dades, realitzi un acostament a la informació bàsica amb caràcter general, i de forma específica a la present taula on es determina la finalitat d&#8217;ús de les dades que vostè ens proporciona i el fitxer o fitxers on es poden integrar aquests (dades)</p>
<p><strong>1.3 Terminis o criteris de conservació de les dades</strong><br />
En el present punt es dóna abast a la informació relacionada amb la finalitat de tractament de dades que pot donar-se a través del present lloc web. Establir que Eventum Hostess, S.L., pot tractar més fitxers, però aquí només s&#8217;expliciten els que tenen impacte amb les dades tractades en el lloc web.</p>
<p>Fitxers: Usuaris web (contactes)<br />
Termini de conservació: Les dades de contacte es conservaran de manera indefinida mentre que no hi hagi sol·licitud d&#8217;oposició o cancel·lació per part del titular de dades.</p>
<p>El manteniment del termini de les dades s&#8217;estableix en la base d&#8217;un criteri propi de Eventum Hostess, S.L., associat a la finalitat d&#8217;ús d&#8217;aquestes dades, criteris establerts per una base jurídica que obliga al seu manteniment a Eventum Staff for Events, S.L. (Una altra llei que exigeix ​​el seu manteniment) i altres associats informes estadístics o històrics que poden ser d&#8217;interès per al Eventum Hostess, S.L., a nivell estratègic o gerencial.</p>
<p><strong>1.4 Destinataris &#8220;(de cessions o transferències)</strong><br />
Fitxers: Usuaris web<br />
Cessionaris amb caràcter general: Organismes públics competents per a la sol·licitud derivat que la mateixa d&#8217;acord al marc normatiu, no cal el consentiment de les dades.</p>
<p><strong>1.5 Transferències Internacionals de Dades</strong><br />
En aquest moment Eventum Staff for Events, S.L., en la seva qualitat de responsable de fitxer / dades, no realitza cessió o transferències de dades a tercers (altres empreses) ubicats en un estat diferent de la Unió Europea.</p>
<p><strong>1.6 Drets dels titulars de dades (de les persones interessades)</strong><br />
Amb l&#8217;objecte de donar abast a un dels aspectes fonamentals de l&#8217;actual i del futur marc normatiu (d&#8217;aplicació al maig de 2018), com és el dels drets atribuïts a les persones físiques (titulars de dades), li acostem un correu electrònic ( info@staff4events.es) perquè pugui sol·licitar-nos, si així ho estima, un formulari per a l&#8217;exercici dels drets que a continuació es referencien:</p>
<p><strong>a. Accés</strong><br />
Nota: El dret d&#8217;accés és el que té un titular de dades, com pot ser el cas, consistent a poder conèixer la informació que la societat té de vostè.</p>
<p><strong>b. Rectificació</strong><br />
Nota: El dret de rectificació és el que té un titular de dades, com pot ser el cas, consistent rectificar aquella informació / dades que la societat té d&#8217;un titular de dades, per exemple vostè, i no es troba actualitzada o adequada a la realitat del titular de dades o és errònia.</p>
<p><strong>c. Cancel·lació</strong><br />
Nota: El dret de cancel·lació és aquell dret a sol·licitar que les dades siguin esborrats quan ja no siguin necessaris o si el tractament és il·lícit</p>
<p><strong>d. Oposició al seu tractament</strong><br />
Nota: El dret d&#8217;oposició és el que té un titular de dades, com pot ser el cas, consistent en oposar-se a l&#8217;ús d&#8217;aquella informació / dades que la societat té de vostè, i vostè no vol que se segueixi fent ús de la mateixa (informació / dades) per a determinades finalitats específiques, per exemple no rebre informació comercial.</p>
<p><strong>e. Supresión</strong><br />
Nota: El dret de supressió és el que té un titular de dades, com pot ser el cas, consistent a suprimir aquella informació / dades que la societat té de vostè mateix, i que no vol que se segueixi fent ús de la mateixa ( informació / dades), emparat en supòsits legals.</p>
<p><strong>f. Portabilitat de les seves dades</strong><br />
Nota: El dret a rebre les dades personals en un format de lectura mecànica i enviar-los a un altre responsable de tractament.</p>
<p><strong>g. Sol·licitar la Limitació del tractament</strong><br />
Nota: Sol·licitar la limitació del tractament de les seves dades personals en determinats casos.</p>
<p><strong>1.7 Font de les dades (origen)</strong><br />
Amb caràcter general les dades, a través del present lloc web, són obtinguts:</p>
<p>• Del propi interessat</p>
<p>Nota: Les dades proporcionades per un titular (usuari web), Vostè, en qualsevol dels formularis o procediments de recollida de dades establerts per a tal efecte en el lloc web, seran els seus propis, no havent de realitzar, amb caràcter general en processos de registre dades de tercers, llevat que tingui capacitat de representació o autorització expressa.</p>
<p><strong>1.8 Formularis de recollida de dades</strong><br />
Amb caràcter general, en el lloc web podem trobar els següents formularis per a la recollida de dades:</p>
<p>Tipus: Formulari de contacte<br />
Finalitat: Contactar amb Eventum Staff for Events, S.L. per sol·licitar informació<br />
Cessionaris: No està prevista la cessió de dades a tercers<br />
Observacions: Només es sol·licitaran dades de contacte (correu electrònic, nom, telèfon).[/vc_column_text][/vc_column][/vc_row]</p>
</div>

<p>[vc_row][vc_column width=&#8221;1/1&#8243;][vc_custom_heading heading_semantic=&#8221;h3&#8243; text_size=&#8221;h3&#8243;]Avís legal[/vc_custom_heading][vc_column_text uncode_shortcode_id=&#8221;372924&#8243;]1.- Avis Legal Data de l&#8217;elaboració del present avís legal: 30/07/2019 1. DADES IDENTIFICATIVES En [&hellip;]</p>
