{"id":3811,"date":"2020-07-20T15:08:16","date_gmt":"2020-07-20T13:08:16","guid":{"rendered":"https:\/\/staff4events.es\/?page_id=3811"},"modified":"2022-02-01T12:33:27","modified_gmt":"2022-02-01T11:33:27","slug":"estem-preparats","status":"publish","type":"page","link":"https:\/\/staff4events.es\/ca\/estem-preparats\/","title":{"rendered":"Estem preparats"},"content":{"rendered":"<div class=\"wpb-content-wrapper\"><p>[vc_row][vc_column width=&#8221;1\/1&#8243;][vc_custom_heading heading_semantic=&#8221;h6&#8243; text_size=&#8221;&#8221; text_transform=&#8221;uppercase&#8221; text_color=&#8221;accent&#8221;]A Eventum estem preparats![\/vc_custom_heading][vc_separator sep_color=&#8221;accent&#8221; el_width=&#8221;70px&#8221; el_height=&#8221;2px&#8221;][\/vc_column][\/vc_row][vc_row row_height_percent=&#8221;0&#8243; overlay_alpha=&#8221;50&#8243; gutter_size=&#8221;3&#8243; column_width_percent=&#8221;100&#8243; shift_y=&#8221;0&#8243; z_index=&#8221;0&#8243; css=&#8221;.vc_custom_1595253884015{margin-bottom: 0px !important;border-bottom-width: 0px !important;}&#8221;][vc_column width=&#8221;1\/1&#8243;][vc_column_text]Des de l&#8217;inici de la pand\u00e8mia, al mar\u00e7 de 2020, el sector d&#8217;esdeveniments s&#8217;ha hagut d&#8217;adaptar r\u00e0pidament a la situaci\u00f3 actual i s&#8217;ha vist en la necessitat d&#8217;elaborar amb molta professionalitat diferents protocols Anti-Covid que compleixin amb les actuals exig\u00e8ncies sanit\u00e0ries. Volem explicar-te molt breument com podem ajudar-te i de quina manera ens hem preparat per aquestes circumst\u00e0ncies tan especials:[\/vc_column_text][uncode_list icon=&#8221;fa fa-check&#8221; icon_color=&#8221;color-212898&#8243;]<\/p>\n<ul>\n<li><strong>NOVA FORMA DE TREBALLAR, NOUS PERFILS: <\/strong>en els pr\u00f2xims mesos necessitar\u00e0s nous perfils per complir amb els nous protocols anti-Covid19, citem alguns exemples:<\/li>\n<\/ul>\n<p>[\/uncode_list][vc_column_text css=&#8221;.vc_custom_1595492147652{padding-left: 30px !important;}&#8221;]<\/p>\n<ul>\n<li><strong>Control d&#8217;acc\u00e9s personal nous aforaments:<\/strong><\/li>\n<\/ul>\n<p>&#8211; Controladors d&#8217;estacionament (entrades\/sortides).<br \/>\n&#8211; Prepararaci\u00f3 dels assistents per l&#8217;acc\u00e9s als recintes de manera ordenada i mantenir la dist\u00e0ncia segura.<br \/>\n&#8211; Mesura de temperatura: perfils exclusius per mesurar la temperatura de cada persona.<br \/>\n&#8211; Control d\u2019aforaments.[\/vc_column_text][vc_column_text css=&#8221;.vc_custom_1595492324764{padding-left: 30px !important;}&#8221;]<\/p>\n<ul>\n<li><strong>Control de cabal dels assistents<\/strong> (amb aquests perfils ajudem a desconir passadissos i entrades\/sortides).<\/li>\n<li><strong>Acomodadors<\/strong> (ubicant als assistents a la seva \u00e0rea assignada\/seients i evitant multituds).<\/li>\n<li><strong>Reguladors de dist\u00e0ncia social i mesuraments higi\u00e8nics.<\/strong><\/li>\n<li><strong>Personal de neteja i desinfecci\u00f3 extra.<\/strong><\/li>\n<li><strong>T\u00e8cnic Auxiliar audiovisual<\/strong> (per a canviar i desinfectar micr\u00f2fons).<\/li>\n<\/ul>\n<p>[\/vc_column_text][vc_column_text]Tots aquests perfils tindran EPIS i curs espec\u00edfic de <u>riscos laborals anti-COVID-19<\/u> depenent de la funci\u00f3 que desenvolupin.<\/p>\n<p>&nbsp;<\/p>\n<p><strong>EQUIPS INDIVIDUALS DE PROTECCI\u00d3 (EPI):<\/strong> Podem corporativizar qualsevol EPI que el nostre personal pugui necessitar amb el teu logo, el del teu client o del mateix congr\u00e9s. Treballem amb els millors prove\u00efdors. Demana&#8217;ns pressupost! Som \u00e0gils i t&#8217;oferim les m\u00e0ximes garanties.[\/vc_column_text][uncode_list icon=&#8221;fa fa-check&#8221; icon_color=&#8221;color-212898&#8243;][\/uncode_list][\/vc_column][\/vc_row][vc_row row_height_percent=&#8221;2&#8243; overlay_alpha=&#8221;50&#8243; equal_height=&#8221;yes&#8221; gutter_size=&#8221;3&#8243; column_width_percent=&#8221;100&#8243; shift_y=&#8221;0&#8243; z_index=&#8221;0&#8243;][vc_column width=&#8221;1\/1&#8243;][vc_single_image media=&#8221;3825&#8243; media_width_percent=&#8221;100&#8243;][\/vc_column][\/vc_row][vc_row row_height_percent=&#8221;0&#8243; overlay_alpha=&#8221;50&#8243; equal_height=&#8221;yes&#8221; gutter_size=&#8221;3&#8243; column_width_percent=&#8221;100&#8243; shift_y=&#8221;0&#8243; z_index=&#8221;0&#8243;][vc_column width=&#8221;1\/1&#8243;][uncode_list icon=&#8221;fa fa-check&#8221; icon_color=&#8221;color-212898&#8243;]<\/p>\n<ul>\n<li><strong>RISC LABORAL ANTI-COVID19: <\/strong>des del 8 d&#8217;abril de 2020 el risc de contagi de covid-19 es considera un risc laboral. L&#8217;Institut Nacional de seguretat i salut en el treball ha publicat diverses &#8220;directrius de bones pr\u00e0ctiques per evitar el contagi de Covid a la feina&#8221; i des del 8 de maig de 2020 ha confirmat la necessitat d&#8217;una formaci\u00f3 obligat\u00f2ria. Per tant, <strong><u>tot el nostre personal est\u00e0 obligat a realitzar un nou curs sobre riscos laborals anti-covid-19<\/u><\/strong>. En coordinaci\u00f3 amb els nostres t\u00e8cnics de riscos laborals, impartim aquest curs en format online a tot el nostre personal.<\/li>\n<\/ul>\n<p>[\/uncode_list][vc_column_text]Som conscients dels nous processos que poden afectar el nostre personal i estem preparats tornar a comen\u00e7ar.[\/vc_column_text][\/vc_column][\/vc_row][vc_row row_height_percent=&#8221;0&#8243; overlay_alpha=&#8221;50&#8243; gutter_size=&#8221;3&#8243; column_width_percent=&#8221;100&#8243; shift_y=&#8221;0&#8243; z_index=&#8221;0&#8243;][vc_column width=&#8221;1\/1&#8243;][vc_single_image media=&#8221;3842&#8243; media_width_use_pixel=&#8221;yes&#8221; alignment=&#8221;center&#8221; media_width_pixel=&#8221;300&#8243;][\/vc_column][\/vc_row][vc_row row_height_percent=&#8221;0&#8243; overlay_alpha=&#8221;50&#8243; equal_height=&#8221;yes&#8221; gutter_size=&#8221;3&#8243; column_width_percent=&#8221;100&#8243; shift_y=&#8221;0&#8243; z_index=&#8221;0&#8243;][vc_column width=&#8221;1\/1&#8243;][uncode_list icon=&#8221;fa fa-check&#8221; icon_color=&#8221;color-212898&#8243;]<\/p>\n<ul>\n<li><strong>GARANTIA de seguretat &#8220;COVID 19&#8221;: <\/strong>com a membres d&#8217;ADEAZA, l&#8217;Associaci\u00f3 m\u00e9s important de la nostra activitat en el sector d&#8217;esdeveniments, hem signat un comprom\u00eds responsable de compliment de la guia de recomanacions i mesures per a la reducci\u00f3 de contagi a coronavirus (SARS \u2013 CoV2) pel personal de suport a l&#8217;organitzaci\u00f3 en congressos, esdeveniments i promocions. Aquesta aquest comprom\u00eds, implica l&#8217;obtenci\u00f3 del segell Adeaza &#8220;garantia de seguretat \u2013 covid 19&#8221;. Aquesta guia est\u00e0 a la seva disposici\u00f3 sol\u00b7licitant-ho enviant un correu electr\u00f2nic a: <a href=\"mailto:comercial@staff4events.es\">comercial@staff4events.es<\/a><\/li>\n<\/ul>\n<p>[\/uncode_list][\/vc_column][\/vc_row]<\/p>\n<\/div>","protected":false},"excerpt":{"rendered":"<p>[vc_row][vc_column width=&#8221;1\/1&#8243;][vc_custom_heading heading_semantic=&#8221;h6&#8243; text_size=&#8221;&#8221; text_transform=&#8221;uppercase&#8221; text_color=&#8221;accent&#8221;]A Eventum estem preparats![\/vc_custom_heading][vc_separator sep_color=&#8221;accent&#8221; el_width=&#8221;70px&#8221; el_height=&#8221;2px&#8221;][\/vc_column][\/vc_row][vc_row row_height_percent=&#8221;0&#8243; overlay_alpha=&#8221;50&#8243; gutter_size=&#8221;3&#8243; column_width_percent=&#8221;100&#8243; shift_y=&#8221;0&#8243; z_index=&#8221;0&#8243; css=&#8221;.vc_custom_1595253884015{margin-bottom: 0px [&hellip;]<\/p>\n","protected":false},"author":2,"featured_media":0,"parent":0,"menu_order":13,"comment_status":"closed","ping_status":"closed","template":"","meta":{"footnotes":""},"class_list":["post-3811","page","type-page","status-publish","hentry"],"_links":{"self":[{"href":"https:\/\/staff4events.es\/ca\/wp-json\/wp\/v2\/pages\/3811","targetHints":{"allow":["GET"]}}],"collection":[{"href":"https:\/\/staff4events.es\/ca\/wp-json\/wp\/v2\/pages"}],"about":[{"href":"https:\/\/staff4events.es\/ca\/wp-json\/wp\/v2\/types\/page"}],"author":[{"embeddable":true,"href":"https:\/\/staff4events.es\/ca\/wp-json\/wp\/v2\/users\/2"}],"replies":[{"embeddable":true,"href":"https:\/\/staff4events.es\/ca\/wp-json\/wp\/v2\/comments?post=3811"}],"version-history":[{"count":0,"href":"https:\/\/staff4events.es\/ca\/wp-json\/wp\/v2\/pages\/3811\/revisions"}],"wp:attachment":[{"href":"https:\/\/staff4events.es\/ca\/wp-json\/wp\/v2\/media?parent=3811"}],"curies":[{"name":"wp","href":"https:\/\/api.w.org\/{rel}","templated":true}]}}

<div class="wpb-content-wrapper"><p>[vc_row][vc_column width=&#8221;1/1&#8243;][vc_custom_heading heading_semantic=&#8221;h6&#8243; text_size=&#8221;&#8221; text_transform=&#8221;uppercase&#8221; text_color=&#8221;accent&#8221;]A Eventum estem preparats![/vc_custom_heading][vc_separator sep_color=&#8221;accent&#8221; el_width=&#8221;70px&#8221; el_height=&#8221;2px&#8221;][/vc_column][/vc_row][vc_row row_height_percent=&#8221;0&#8243; overlay_alpha=&#8221;50&#8243; gutter_size=&#8221;3&#8243; column_width_percent=&#8221;100&#8243; shift_y=&#8221;0&#8243; z_index=&#8221;0&#8243; css=&#8221;.vc_custom_1595253884015{margin-bottom: 0px !important;border-bottom-width: 0px !important;}&#8221;][vc_column width=&#8221;1/1&#8243;][vc_column_text]Des de l&#8217;inici de la pandèmia, al març de 2020, el sector d&#8217;esdeveniments s&#8217;ha hagut d&#8217;adaptar ràpidament a la situació actual i s&#8217;ha vist en la necessitat d&#8217;elaborar amb molta professionalitat diferents protocols Anti-Covid que compleixin amb les actuals exigències sanitàries. Volem explicar-te molt breument com podem ajudar-te i de quina manera ens hem preparat per aquestes circumstàncies tan especials:[/vc_column_text][uncode_list icon=&#8221;fa fa-check&#8221; icon_color=&#8221;color-212898&#8243;]</p>
<ul>
<li><strong>NOVA FORMA DE TREBALLAR, NOUS PERFILS: </strong>en els pròxims mesos necessitaràs nous perfils per complir amb els nous protocols anti-Covid19, citem alguns exemples:</li>
</ul>
<p>[/uncode_list][vc_column_text css=&#8221;.vc_custom_1595492147652{padding-left: 30px !important;}&#8221;]</p>
<ul>
<li><strong>Control d&#8217;accés personal nous aforaments:</strong></li>
</ul>
<p>&#8211; Controladors d&#8217;estacionament (entrades/sortides).<br />
&#8211; Prepararació dels assistents per l&#8217;accés als recintes de manera ordenada i mantenir la distància segura.<br />
&#8211; Mesura de temperatura: perfils exclusius per mesurar la temperatura de cada persona.<br />
&#8211; Control d’aforaments.[/vc_column_text][vc_column_text css=&#8221;.vc_custom_1595492324764{padding-left: 30px !important;}&#8221;]</p>
<ul>
<li><strong>Control de cabal dels assistents</strong> (amb aquests perfils ajudem a desconir passadissos i entrades/sortides).</li>
<li><strong>Acomodadors</strong> (ubicant als assistents a la seva àrea assignada/seients i evitant multituds).</li>
<li><strong>Reguladors de distància social i mesuraments higiènics.</strong></li>
<li><strong>Personal de neteja i desinfecció extra.</strong></li>
<li><strong>Tècnic Auxiliar audiovisual</strong> (per a canviar i desinfectar micròfons).</li>
</ul>
<p>[/vc_column_text][vc_column_text]Tots aquests perfils tindran EPIS i curs específic de <u>riscos laborals anti-COVID-19</u> depenent de la funció que desenvolupin.</p>
<p>&nbsp;</p>
<p><strong>EQUIPS INDIVIDUALS DE PROTECCIÓ (EPI):</strong> Podem corporativizar qualsevol EPI que el nostre personal pugui necessitar amb el teu logo, el del teu client o del mateix congrés. Treballem amb els millors proveïdors. Demana&#8217;ns pressupost! Som àgils i t&#8217;oferim les màximes garanties.[/vc_column_text][uncode_list icon=&#8221;fa fa-check&#8221; icon_color=&#8221;color-212898&#8243;][/uncode_list][/vc_column][/vc_row][vc_row row_height_percent=&#8221;2&#8243; overlay_alpha=&#8221;50&#8243; equal_height=&#8221;yes&#8221; gutter_size=&#8221;3&#8243; column_width_percent=&#8221;100&#8243; shift_y=&#8221;0&#8243; z_index=&#8221;0&#8243;][vc_column width=&#8221;1/1&#8243;][vc_single_image media=&#8221;3825&#8243; media_width_percent=&#8221;100&#8243;][/vc_column][/vc_row][vc_row row_height_percent=&#8221;0&#8243; overlay_alpha=&#8221;50&#8243; equal_height=&#8221;yes&#8221; gutter_size=&#8221;3&#8243; column_width_percent=&#8221;100&#8243; shift_y=&#8221;0&#8243; z_index=&#8221;0&#8243;][vc_column width=&#8221;1/1&#8243;][uncode_list icon=&#8221;fa fa-check&#8221; icon_color=&#8221;color-212898&#8243;]</p>
<ul>
<li><strong>RISC LABORAL ANTI-COVID19: </strong>des del 8 d&#8217;abril de 2020 el risc de contagi de covid-19 es considera un risc laboral. L&#8217;Institut Nacional de seguretat i salut en el treball ha publicat diverses &#8220;directrius de bones pràctiques per evitar el contagi de Covid a la feina&#8221; i des del 8 de maig de 2020 ha confirmat la necessitat d&#8217;una formació obligatòria. Per tant, <strong><u>tot el nostre personal està obligat a realitzar un nou curs sobre riscos laborals anti-covid-19</u></strong>. En coordinació amb els nostres tècnics de riscos laborals, impartim aquest curs en format online a tot el nostre personal.</li>
</ul>
<p>[/uncode_list][vc_column_text]Som conscients dels nous processos que poden afectar el nostre personal i estem preparats tornar a començar.[/vc_column_text][/vc_column][/vc_row][vc_row row_height_percent=&#8221;0&#8243; overlay_alpha=&#8221;50&#8243; gutter_size=&#8221;3&#8243; column_width_percent=&#8221;100&#8243; shift_y=&#8221;0&#8243; z_index=&#8221;0&#8243;][vc_column width=&#8221;1/1&#8243;][vc_single_image media=&#8221;3842&#8243; media_width_use_pixel=&#8221;yes&#8221; alignment=&#8221;center&#8221; media_width_pixel=&#8221;300&#8243;][/vc_column][/vc_row][vc_row row_height_percent=&#8221;0&#8243; overlay_alpha=&#8221;50&#8243; equal_height=&#8221;yes&#8221; gutter_size=&#8221;3&#8243; column_width_percent=&#8221;100&#8243; shift_y=&#8221;0&#8243; z_index=&#8221;0&#8243;][vc_column width=&#8221;1/1&#8243;][uncode_list icon=&#8221;fa fa-check&#8221; icon_color=&#8221;color-212898&#8243;]</p>
<ul>
<li><strong>GARANTIA de seguretat &#8220;COVID 19&#8221;: </strong>com a membres d&#8217;ADEAZA, l&#8217;Associació més important de la nostra activitat en el sector d&#8217;esdeveniments, hem signat un compromís responsable de compliment de la guia de recomanacions i mesures per a la reducció de contagi a coronavirus (SARS – CoV2) pel personal de suport a l&#8217;organització en congressos, esdeveniments i promocions. Aquesta aquest compromís, implica l&#8217;obtenció del segell Adeaza &#8220;garantia de seguretat – covid 19&#8221;. Aquesta guia està a la seva disposició sol·licitant-ho enviant un correu electrònic a: <a href="mailto:comercial@staff4events.es">comercial@staff4events.es</a></li>
</ul>
<p>[/uncode_list][/vc_column][/vc_row]</p>
</div>
